*r - 3*r + 2 + 8. Suppose 28*p + 27 = 27*p + 5*y, 0 = -2*p - 3*y + 24. Determine x(p).
7
Let l(q) be the second derivative of q**5/20 + 13*q**4/12 - 7*q**3/3 - 11*q**2/2 + 147*q - 2. Calculate l(-14).
-11
Let p(k) = -2*k - 13. Let x(w) = -6*w - 42. Let j be 6/4*((-196)/(-21) + -6). Let q(d) = j*x(d) - 16*p(d). Give q(7).
12
Let m(z) = -z**3 + 11*z**2 - z - 4. Let c be m(11). Let y be (-5 + -1)*c/45. Let a(j) = 14*j**2 - 6 + 3 + 4*j - 7*j**y - 8*j**2. Give a(3).
0
Let z(y) be the first derivative of 2/3*y**3 + 0*y - 23 + y**2. What is z(2)?
12
Let l(u) = -31*u**3 - 52 + 57*u**2 + 32*u**3 - 49*u**2 - 15*u. Determine l(-9).
2
Let v(s) be the second derivative of -s**4/4 - 2*s**3/3 - 9*s**2/2 - 368*s. Give v(-5).
-64
Let f = -13 + -9. Let l = f + 26. Let i(h) be the first derivative of h**4/4 - 2*h**3/3 - 2*h**2 - 3*h + 4. Calculate i(l).
13
Let c = -2 - -2. Let a = 266 - 262. Let q(y) = -y**3 + 338*y - 678*y + a + 341*y. What is q(c)?
4
Let x(f) be the second derivative of 1/12*f**4 + 0 + 85*f + f**2 - 1/2*f**3. What is x(3)?
2
Let j(n) = n**3 - n**2 + n. Let b(f) = -5*f**3 + 4*f**2 - f - 24. Let c(v) = b(v) + 4*j(v). Let t(g) be the second derivative of c(g). Give t(-3).
18
Let a(v) = -4*v - 3. Let b(f) = 4*f**3 - 3*f**2 + 4. Let s be 32/(-24)*(-9)/6. Let m be b(s). Let c = 27 - m. Give a(c).
-15
Let n(h) = -h**2 + 32*h - 120. Let c be 16 - 13/(39/36). Determine n(c).
-8
Let x(p) = 3*p - 13. Let v be x(5). Let q(t) = 5 - t**3 - t**v + 5 + 5*t - 8. What is q(-3)?
5
Let y(o) = -3*o**3 - 77*o**2 - 48*o + 55. Let q be y(-25). Suppose -12 = -5*b - 3*s, 3*b - 2*s = 9 + 2. Let u(x) = 5 + b*x - 3*x - 2*x. Determine u(q).
-5
Let y(p) = -25 + 16 + 2 + p**2 + 8. Calculate y(5).
26
Let x(f) = 21*f**2 - 9*f - 61. Let l(h) = 115*h**2 - 46*h - 305. Let p(w) = 2*l(w) - 11*x(w). What is p(12)?
1
Let r(o) = o - 3*o + 8 - o. Let i = 12809 + -12801. Give r(i).
-16
Let t(b) = b - 3. Let j be 8*(6 - (-115)/(-20)). Let z be 13 + 72/(-9) - 10/j. Determine t(z).
-3
Let z(f) = 3 + 59*f**3 + 8*f**3 - 3*f**3 - 3 + 1. Determine z(1).
65
Let d(m) = -37*m. Let b(h) = 14*h - 84. Let f(r) = -3*r + 16. Let g(c) = 4*b(c) + 21*f(c). Let p(u) = 6*d(u) - 33*g(u). What is p(-1)?
-9
Let x(i) = i**3 - 2*i**2 - 4*i - 2. Let l(b) = -b**3 + 7*b**2 - 16*b + 10. Let a be l(10). Let t = a + 447. Determine x(t).
-35
Let t(k) = 10*k**2 - k - 14. Let q be t(-3). Let r(g) = 78 - 3*g - 3*g + 3*g - q. Let f(x) = x**3 - 3*x**2 - 2*x + 3. Let m be f(2). Determine r(m).
14
Let w = 103 + -141. Let j be 1/6 + w/12. Let i(h) = 4*h + 2 - 32*h**3 + 5*h**2 + 72*h**3 - 38*h**3. Give i(j).
-19
Let b(l) = 15 - 95*l - 100*l + 197*l. Let z be (-2)/5 - (-46)/(-10). Give b(z).
5
Let m(i) = 2*i + 3. Suppose 0 = 5*r - 57 - 108. Let g(s) = s**3 - 32*s**2 - 34*s + 49. Let q be g(r). Suppose 2*c = 2*b - q, -2*b = 2*b - c - 20. Give m(b).
11
Let d(w) = 2*w**3 + w**2 + w - 3. Suppose 4*i - 16 = 4*b, i - 3*i = 2*b - 8. What is d(b)?
-3
Let c(m) = -m**2 + m - 1. Let k(t) = -41*t + 18. Let g be k(-6). Let v be g/216 + (-2)/9. Give c(v).
-1
Let r(c) be the third derivative of c**7/360 + 7*c**5/15 + c**4/12 + 2*c**2 - 11*c. Let q(w) be the third derivative of r(w). Determine q(-1).
-14
Let a be ((-1)/7 - -7) + (-4)/(-28). Let d(g) = -g**3 + 12*g**2 - 34*g - 3. Calculate d(a).
4
Let c = -1711 + 1637. Suppose 2*d + 3*d = -u - 400, 4*d + 291 = 5*u. Let x = c - d. Let v(l) = -l**3 + 5*l**2 + 2*l. Give v(x).
10
Suppose 3*g + 333 = 2*t - 1814, 4*t - 4239 = -5*g. Let p be 2/(-3) - t/(-123). Let j(s) = s**3 - 7*s**2 - 10*s + 7. What is j(p)?
-9
Suppose -5*o + 256 = 251. Let b(v) = 7*v. Let i(x) = -x - 1. Let l(a) = o*b(a) + i(a). Give l(-2).
-13
Let y(l) = -l**2 + l - 2. Let j be 1/(4/16) - (-9 - -4). Let z be 1/3 - ((-384)/j)/(-8). Determine y(z).
-32
Let u be -6 + 1 + -2 + -4 + 5. Let b(l) = -68*l**2 + 31*l**2 - 5*l - 2 + 1 - 5 + 36*l**2. What is b(u)?
-12
Let v(f) = -2*f**3 - 2*f**2 - f. Suppose 22 = 2*h + 2*j - 3*j, -3*h = -5*j - 40. Suppose -15*g + h = -20*g. Determine v(g).
10
Suppose 0*s = c + s + 1, -3*c = 4*s + 7. Let t(i) = 7 - 9*i**c + 5*i**2 + 0*i**3 + 8*i**3 + 0*i + 3*i - 5*i. Calculate t(5).
-3
Let n(g) = -3*g. Suppose 23*r - 44 - 2 = 0. Suppose 4*y + 2*j + 4 = 0, r*y + 5*j - 6 = 8. Calculate n(y).
9
Suppose 5*s - 5*x = 20, 24*s + 2*x + 26 = 20*s. Let f(y) = -y**2 + 4. Let g(a) = a**2 + a. Let d(p) = -f(p) - 3*g(p). Give d(s).
-13
Let u be (214/4173 - 74/(-78)) + 2. Let v(z) = 6*z - 11. Determine v(u).
7
Let t(a) = -11*a + 2. Let n(o) = -10*o + 2. Let b(i) = -6*n(i) + 5*t(i). Let q = -360 + 396. Suppose 44 - q = -4*k. Calculate b(k).
-12
Let q(h) be the second derivative of h**5/60 - 5*h**4/12 - 3*h**3/2 + 104*h**2 - 8*h - 6. Let o(m) be the first derivative of q(m). What is o(11)?
2
Suppose -n - 2 = -5*k, 11*n = 9*n - 4*k + 80. Let a(b) = 2*b - 45. What is a(n)?
11
Let y(r) be the third derivative of r**4/6 - 61*r**3/6 + 1068*r**2. Determine y(19).
15
Let o(k) = -8*k**3 + 6*k**2 - 2*k + 2. Let r(h) = 7*h - 12. Let u be r(1). Let n(z) = 15*z**3 - 10*z**2 + 3*z - 3. Let f(t) = u*o(t) - 3*n(t). Calculate f(1).
-5
Let o(t) = 25*t - 624. Let k(r) = 8*r - 185. Let a(z) = 7*k(z) - 2*o(z). Give a(5).
-17
Let h(g) = 32*g - 145. Let b be h(5). Let x(v) = 2*v**2 - 31*v + 22. What is x(b)?
7
Let c = 3509 - 3513. Let d(s) = 14*s + 29. Give d(c).
-27
Let l(d) = -d - 8 + 0 - d. Let f(n) = -2*n + 20. Let q be f(8). Suppose -q*a + 5*a + 13 = -3*z, 0 = 4*a + 3*z + 34. What is l(a)?
6
Let f(d) be the third derivative of d**6/120 + 3*d**5/20 - 5*d**4/12 - d**3/2 - 3*d**2 + 4263*d. Let y be 41/(-4) + (-1)/(-4). Calculate f(y).
-3
Let r(j) be the second derivative of -5*j**3/6 + 173*j**2/2 - 69*j - 7. Determine r(36).
-7
Let y be 3/(-7 - 153/(-18)). Let s(g) be the first derivative of 0*g + 0*g**2 - 2 - 1/3*g**3. Determine s(y).
-4
Suppose -3*q + 29 = 5*y + 204, 5*q = 4*y + 103. Let z = -30 - y. Let f(p) = -9*p**2 + 16*p**2 - 6 - 5*p**z - 8*p - p**2. Give f(8).
-6
Let x = 609 - 605. Let f(h) = 11*h - 4*h - 1 + 5*h - 2*h - x*h. Let m = -2 + 1. What is f(m)?
-7
Let k = 9117 - 9125. Let r(c) = -2*c - 23. Let s(m) = 3*m + 35. Let z(f) = -7*r(f) - 5*s(f). What is z(k)?
-6
Let r(m) = m**3 + 15*m**2 - 13*m + 50. Let d be r(-16). Let j be (-126)/(-21)*d/(-12). Let v(o) = -4 + 2 + 3 - 3*o**3. Determine v(j).
4
Suppose 0 = -5*g - 2*k + 29, 0 = -5*g - 5*k + 520 - 470. Let h(t) be the first derivative of t + 1/4*t**4 - 1 + 4*t**2 - g*t**3. What is h(8)?
1
Let t be (8/(-5 - -1))/(1/2). Let i be (t/(-6))/(-1) + (-1)/3. Let d(b) be the third derivative of -b**5/15 + b**4/12 + b**3/6 + 2*b**2. What is d(i)?
-5
Let s = -167 + 171. Let l(r) = -4*r + r**2 - 11*r - s + 20*r. Suppose -5*x = 4*k - 5, -k + x + 5 = -3*k. Give l(k).
-4
Let i(q) = -q**2 - 313*q + 413. Let n(k) = 45*k - 59. Let t(g) = 2*i(g) + 15*n(g). What is t(23)?
10
Let j(w) be the second derivative of 13*w**4/12 - 49*w**3/6 - 3*w**2 + 35*w + 118. Give j(4).
6
Let l be ((-3)/(-12))/(2/(-8)). Let r be l*36/10*5. Let g be (-10)/4 - 99/r. Let v(x) = x**3 - 3*x**2 - 3. Calculate v(g).
-3
Let r be (27/180*12)/((-1)/5). Let m(v) = v**3 + 10*v**2 + 9*v - 13. Determine m(r).
-13
Let g(n) = n**2 + 2*n - 1. Let v be -1 + 11 - (-1 + -1). Suppose -17*a = -20*a + v. Suppose -m + 10 = a*m. Determine g(m).
7
Let g(z) = -z**2 + 11*z - 17. Let v = 11481 + -11479. Determine g(v).
1
Let s = -26 - -30. Suppose -6*t - s = 14. Let b(d) be the first derivative of -d**3/3 - 3*d**2/2 + 3*d - 18. Determine b(t).
3
Let x = 688 - 687. Let u be 1/(((-35)/25)/(-7)*x). Let p(o) = -o**3 + 4*o**2 + 5*o - 7. Give p(u).
-7
Let h(f) be the first derivative of f**4/12 + f**3/6 + 171*f**2/2 - 162. Let y(z) be the second derivative of h(z). Give y(-2).
-3
Let y(d) be the second derivative of d**5/20 - 7*d**4/12 - d**3/6 - 49*d**2/2 + 9*d - 12. Give y(8).
7
Let j(r) = -17236*r**2 + 17232*r**2 - r**3 - 3 + 2 - 4*r + 0*r**3. Determine j(-1).
0
Let r = 163 - 159. Let k be 6 + -5 - r*-1. Let i(t) = t - 5. Give i(k).
0
Let h(z) = 9*z. Suppose -m - 5 = 0, 43*m = -5*d + 41*m - 110. Let q = 19 + d. Determine h(q).
-9
Let s(z) = 5*z + 4. Suppose 54 = 11*x - 23. Suppose x*o - 10*o = 12. Determine s(o).
-16
Let k(p) = -1 - 9*p - 6 - 11*p - 12*p + 38*p. Determine k(7).
35
Let b(j) = 43*j**2 + 12*j + 6. Let l(m) = -6*m**2 - m - 2. Let x(t) = 